et n(w) = -2*w**2 + 283*w - 2867. What is n(11)?
4
Let x(z) = -48*z - 139. What is x(-6)?
149
Let s(r) = -r**2 - 30*r - 173. Calculate s(-17).
48
Let t(g) = -g**2 - 26*g - 111. Give t(-6).
9
Let v(j) = -47*j**2 + 14*j - 26. What is v(3)?
-407
Let w(g) = -306*g + 3569. Determine w(12).
-103
Let v(d) = -d**3 - 23*d**2 + 65*d + 972. Give v(-24).
-12
Let i(b) = 88*b - 2666. Give i(30).
-26
Let p(f) = -2*f**3 + 42*f**2 + 80*f + 274. Determine p(23).
-2
Let q(a) = 12*a + 5. Determine q(-22).
-259
Let v(w) = -3*w + 11. Calculate v(-7).
32
Let c(p) = -2*p**2 - 117*p + 117. Give c(1).
-2
Let i(r) = -1688*r + 3360. Give i(2).
-16
Let m(p) = -3*p**3 - 102*p**2 - 2*p - 79. Give m(-34).
-11
Let l(q) = 35*q + 57. Determine l(-1).
22
Let r(v) = -v**3 + 9*v**2 + 49*v - 394. Give r(9).
47
Let i(x) = 336*x**3 + x**2 + 91*x + 90. What is i(-1)?
-336
Let i(h) = 72*h + 272. Determine i(-3).
56
Let k(j) = -275*j - 5501. Determine k(-20).
-1
Let h(w) = 11*w + 107. What is h(-34)?
-267
Let w(z) = -64*z - 433. Calculate w(-6).
-49
Let d(l) = l**3 + 17*l**2 - 56*l + 65. Give d(-20).
-15
Let t(w) = -w**2 + 33*w - 328. Determine t(14).
-62
Let d(q) = 287*q + 794. Calculate d(-3).
-67
Let j(i) = -i**3 + 2*i**2 + 15*i - 43. Determine j(5).
-43
Let i(v) = -124*v - 370. Give i(-5).
250
Let j(s) = 1252*s - 21282. Determine j(17).
2
Let o(w) = 4*w**3 - 2*w**2 + 20*w - 82. Give o(3).
68
Let k(r) = r**3 + 65*r**2 + 193*r + 440. What is k(-62)?
6
Let d(j) = -14*j + 835. Give d(62).
-33
Let c(x) = 15*x**3 + x**2 - 10*x - 14. What is c(-2)?
-110
Let a(o) = 2*o**2 + 76*o + 41. Calculate a(-30).
-439
Let p(t) = t**3 + 4*t**2 + 318*t + 639. Determine p(-2).
11
Let q(b) = -b**3 - 2*b**2 + 147*b + 17. What is q(-13)?
-35
Let w(y) = 21*y - 906. Calculate w(44).
18
Let y(o) = 2*o**3 + 125*o**2 - 64*o - 112. Give y(-63).
-49
Let o(k) = k**3 - 12*k**2 - 15*k + 13. Give o(14).
195
Let l(s) = -s**2 + 24*s - 45. What is l(21)?
18
Let d(n) = 3*n**2 - 135*n + 380. Determine d(3).
2
Let f(m) = 26*m + 1373. Give f(-41).
307
Let w(g) = -34*g - 590. Determine w(-17).
-12
Let t(u) = -52*u**2 - 8*u + 30. Determine t(2).
-194
Let u(x) = 369*x**2 - 16*x + 17. Determine u(1).
370
Let l(q) = -11*q**2 - 524*q - 249. What is l(-47)?
80
Let q(s) = -10*s + 525. Calculate q(40).
125
Let u(f) = 17*f - 378. What is u(28)?
98
Let c(f) = -5*f**2 + 14*f - 7. Give c(2).
1
Let j(m) = 21*m**3 - m**2 + 2*m - 1. Give j(2).
167
Let r(u) = 10*u**2 + 288*u + 273. What is r(-28)?
49
Let o(s) = 84*s + 2030. Calculate o(-24).
14
Let k(f) = f**3 + 3*f**2 - 15*f + 65. Give k(-8).
-135
Let v(n) = 28*n - 870. Determine v(30).
-30
Let g(h) = -18*h + 297. Give g(20).
-63
Let z(t) = 4107*t - 69812. What is z(17)?
7
Let z(u) = -u**3 + 30*u**2 + 26*u + 294. What is z(31)?
139
Let l(c) = 23*c - 501. Give l(20).
-41
Let q(t) = -114*t + 1975. Give q(17).
37
Let d(o) = -2*o**2 + 34. Determine d(-10).
-166
Let o(s) = s**3 + 34*s**2 + 26*s - 258. Calculate o(-33).
-27
Let l(n) = n**2 - 18*n + 26. Give l(17).
9
Let m(z) = -2*z**2 + 17*z - 25. Determine m(9).
-34
Let u(s) = s**2 + 11*s - 117. Give u(6).
-15
Let w(k) = k**3 - 18*k**2 + 68*k - 52. Calculate w(11).
-151
Let n(s) = s**2 + 12*s - 54. What is n(-15)?
-9
Let m(o) = -o**3 - 30*o**2 - 5*o - 103. Calculate m(-30).
47
Let k(r) = -166*r - 4667. What is k(-28)?
-19
Let r(b) = 107*b - 226. Determine r(2).
-12
Let t(b) = -3*b**3 - 18*b**2 + 119*b - 10. Give t(-10).
0
Let n(j) = j**2 + 30*j - 111. What is n(-35)?
64
Let r(s) = -639*s + 4462. Calculate r(7).
-11
Let m(x) = 219*x + 14872. Calculate m(-68).
-20
Let p(w) = -w**2 + 29*w - 137. Determine p(13).
71
Let w(s) = -s**3 + 30*s**2 + 35*s - 147. Calculate w(31).
-23
Let d(n) = -452*n - 327. Give d(-2).
577
Let j(a) = -2*a**3 - 103*a**2 - 1028*a + 11. Calculate j(-38).
87
Let j(w) = -7*w**2 - 45*w + 194. Give j(4).
-98
Let g(o) = 933*o - 8388. Determine g(9).
9
Let z(s) = -s**2 + 2311*s - 11529. Determine z(5).
1
Let s(d) = -75*d + 6851. Determine s(92).
-49
Let i(a) = -33*a + 2511. Give i(77).
-30
Let g(p) = -p**2 + 53*p + 285. Give g(58).
-5
Let m(l) = 1395*l - 23715. What is m(17)?
0
Let d(v) = v**2 + 38*v - 24. What is d(-39)?
15
Let b(j) = 3*j**3 - 35*j**2 - 461*j + 821. Give b(19).
4
Let d(o) = 151*o - 890. Determine d(8).
318
Let f(p) = 7*p**3 - 102*p**2 + 9*p - 791. Give f(15).
19
Let k(c) = -c**3 - 115*c**2 + 2395*c - 10. Calculate k(18).
8
Let l(p) = 2*p + 47. What is l(10)?
67
Let j(q) = q**3 + 69*q**2 - 291*q + 32. Calculate j(-73).
-41
Let d(a) = -62*a + 3776. Determine d(61).
-6
Let n(b) = 12*b**2 - 18*b + 82. Determine n(5).
292
Let k(m) = m**3 + 8*m**2 - 42*m + 49. Determine k(3).
22
Let v(d) = -d**3 - 41*d**2 - 77*d + 45. Determine v(-39).
6
Let v(z) = -z**2 + 87*z - 1720. Give v(56).
16
Let v(y) = 4*y**2 - 94*y - 372. Give v(27).
6
Let d(m) = 2*m**3 - 222*m**2 - 255*m + 3482. What is d(112)?
10
Let h(w) = -80*w + 1295. Calculate h(16).
15
Let f(u) = 5*u**2 + 68*u - 9. What is f(-13)?
-48
Let u(z) = -4*z**3 - 204*z**2 + 25. Calculate u(-51).
25
Let f(p) = -p**3 + 34*p**2 + 50*p - 1864. What is f(34)?
-164
Let x(y) = -221*y - 3401. Calculate x(-15).
-86
Let y(n) = 2*n**2 - 57*n + 232. Determine y(20).
-108
Let k(m) = -2*m**2 + 40*m - 143. Calculate k(15).
7
Let d(w) = -3726*w - 11178. Determine d(-3).
0
Let b(i) = i**3 - 22*i**2 - 74*i - 17. Determine b(25).
8
Let s(a) = -8*a**2 + 3*a + 20. Determine s(-3).
-61
Let t(d) = -473*d + 7092. Determine t(15).
-3
Let c(t) = t**2 - 64*t - 2700. Give c(93).
-3
Let o(u) = 2*u**3 - 14*u**2 + 34*u - 135. What is o(6)?
-3
Let v(d) = -d**3 - 41*d**2 - 181*d - 31. Calculate v(-36).
5
Let o(h) = -206*h + 627. Determine o(3).
9
Let d(p) = 9*p**3 - 593*p**2 + 521*p - 62. What is d(65)?
3
Let m(l) = -18*l**2 - 15*l - 10. Give m(-4).
-238
Let o(k) = -8*k + 38. Give o(-21).
206
Let d(t) = -t**3 + 23*t**2 - 77*t - 13. Calculate d(4).
-17
Let g(v) = -8*v**3 + 2. Determine g(-2).
66
Let j(f) = f**3 - 9*f**2 - 13*f. Calculate j(11).
99
Let j(h) = -3*h**3 - h + 13. Calculate j(4).
-183
Let b(u) = -21457*u - 150209. Give b(-7).
-10
Let b(p) = 51*p + 4324. Calculate b(-85).
-11
Let w(t) = -210*t - 579. Give w(-3).
51
Let d(s) = -5*s**2 + 189*s - 7. Give d(40).
-447
Let w(t) = 11580*t - 11580. What is w(1)?
0
Let b(a) = a**3 - 34*a**2 - 117*a + 4949. What is b(33)?
-1
Let m(y) = -75*y - 381. What is m(-4)?
-81
Let x(k) = -23*k - 323. Calculate x(-12).
-47
Let b(m) = 11*m**2 - 108*m + 261. Give b(6).
9
Let a(m) = 12*m**2 - 132*m - 21. Give a(11).
-21
Let n(f) = -5*f**2 - 9*f - 91. What is n(0)?
-91
Let p(m) = m**3 - 25*m**2 + 21*m + 64. What is p(24)?
-8
Let x(z) = -10*z**2 - 4*z + 58. Calculate x(-2).
26
Let b(q) = -667*q**2 - 2665*q + 2. Determine b(-4).
-10
Let d(p) = p**3 + 15*p**2 + 14*p - 46. Give d(-14).
-46
Let l(a) = -2*a**2 - 46*a + 2392. Calculate l(25).
-8
Let y(u) = u**3 - 23*u**2 + 89*u - 245. Determine y(19).
2
Let g(o) = -o**3 + 24*o**2 - 4*o - 404. Give g(23).
33
Let u(b) = 8*b - 257. Determine u(-44).
-609
Let s(b) = b**3 + 6*b**2 - 21*b - 78. Give s(-7).
20
Let n(w) = -w**2 + 188*w - 2109. What is n(12)?
3
Let l(v) = 2*v**3 + 60*v**2 + 13*v + 136. Give l(-30).
-254
Let m(t) = t**3 + 23*t**2 - 149*t - 1091. Give m(-27).
16
Let p(g) = -16*g**2 - 69*g - 3. Give p(-2).
71
Let t(v) = -222*v - 3558. Give t(-16).
-6
Let t(j) = -j**3 + 16*j**2 - 30*j - 75. Determine t(14).
-103
Let a(c) = -7*c - 305. Determine a(-30).
-95
Let v(u) = u**3 - 15*u**2 - 43*u + 54. Calculate v(16).
-378
Let h(d) = 5*d**2 - 58*d + 1. Calculate h(7).
-160
Let t(l) = -261*l + 2391. Determine t(9).
42
Let c(o) = -15*o**2 - 563*o + 563. Determine c(1).
-15
Let q(x) = -167*x + 812. Give q(5).
-23
Let l(s) = -s**2 - 28*s + 124. What is l(4)?
-4
Let z(b) = -b**3 + b**2 + b + 215. Calculate z(0).
215
Let b(k) = 5*k**2 + 80*k - 1032. Give b(11).
453
Let l(s) = 10*s**2 - 1034*s + 2058. Give l(2).
30
Let o(j) = 713*j + 1426. What is o(-2)?
0
Let g(c) = -c**2 + 16*c + 113. Calculate g(16).
113
Let i(t) = -t**3 + 47*t**2 + 88*t + 525. Determine i(49).
35
Let n(y) = -21*y - 17. Calculate n(-1).
4
Let v(y) = -139*y + 1092. Determine v(8).
-20
Let b(p) = -p**3 + 2*p**2 + 69*p + 7. Determine b(10).
-103
Let r(c) = 167*c - 1367. Determine r(10).
303
Let q(n) = 392*n + 7453. Calculate q(-19).
5
Let m(j) = j**3 + 13*j**2 - 8*j - 